05015
In base 5, what is 304011420 - -11?
304011431
In base 8, what is 123702 + 10367?
134271
In base 5, what is -32 - -10112011?
10111424
In base 11, what is -108181 + 13?
-108169
In base 15, what is -5bbb0 - 34?
-5bbe4
In base 2, what is -111100000111101001110110 + 100?
-111100000111101001110010
In base 9, what is 8 - 40022716?
-40022707
In base 15, what is -962 + 6e506?
6da94
In base 6, what is -1 + 5532041445?
5532041444
In base 3, what is -200101220011 + 10?
-200101220001
In base 10, what is -28316759 + 4?
-28316755
In base 6, what is -12453003 + -331?
-12453334
In base 13, what is 115 + 3919b?
392b3
In base 7, what is -6 + 12331140?
12331131
In base 5, what is -22010212 - 10114?
-22020331
In base 2, what is 10110010101001100001 - -111?
10110010101001101000
In base 9, what is -57146350 - -3?
-57146346
In base 4, what is 333003330310120 - 0?
333003330310120
In base 6, what is 1234142 - 14?
1234124
In base 6, what is 1051503042 + 3?
1051503045
In base 10, what is -46175 + -412?
-46587
In base 3, what is 10101111 - 102221002001?
-102210200120
In base 16, what is -f3 - 19500?
-195f3
In base 14, what is -2 + -8c5b4?
-8c5b6
In base 12, what is a6b0 + 1b772?
2a262
In base 8, what is -6 - 5100024?
-5100032
In base 4, what is 330220 + 12?
330232
In base 9, what is -110461641 - -2?
-110461638
In base 7, what is 33400 - 2206?
31161
In base 9, what is 4161583 + 2?
4161585
In base 7, what is -4 + 60113263?
60113256
In base 8, what is -21006350 + -4?
-21006354
In base 8, what is -24565 + -354341?
-401126
In base 4, what is 211021132 + -1?
211021131
In base 5, what is 13323 + 10143024?
10211402
In base 12, what is -892b + -408?
-9137
In base 6, what is 342 + -5145042?
-5144300
In base 16, what is -11 + -214e45?
-214e56
In base 6, what is 0 + -35023313?
-35023313
In base 10, what is -1 - -125880953?
125880952
In base 4, what is 20311 - 300321012?
-300300101
In base 8, what is 64571532 - -1?
64571533
In base 3, what is -100 + 2211111100211211?
2211111100211111
In base 4, what is -1110232330323 + -11?
-1110232331000
In base 4, what is -1022221211 - 3312?
-1022231123
In base 16, what is -12926 + 1b5?
-12771
In base 13, what is 2 + -107a1680?
-107a167b
In base 4, what is 11331 - 3122101?
-3110110
In base 6, what is 54545 + 1400402?
1455351
In base 14, what is 1464c9 - -72?
14655b
In base 3, what is -1 + -210221220111121?
-210221220111122
In base 11, what is -3a365 + -a264?
-49619
In base 12, what is 2982bba + -4?
2982bb6
In base 14, what is -c4 + -1c200d?
-1c20d3
In base 13, what is -67066 + -41?
-670a7
In base 2, what is -1000000100000000 - -111111011?
-111111100000101
In base 15, what is 2 - -d99db2?
d99db4
In base 6, what is 23554500025 - 4?
23554500021
In base 15, what is 2 + -357793?
-357791
In base 3, what is -2022021201 + 100121?
-2021221010
In base 2, what is -10001 - 101101100010?
-101101110011
In base 3, what is -1201112110 - 121001?
-1202010111
In base 10, what is -298 - 459537?
-459835
In base 10, what is -8847916 + 4?
-8847912
In base 4, what is -130 - 3332320023?
-3332320213
In base 13, what is -32c92 + -669?
-3362b
In base 6, what is 24134055 + 135?
24134234
In base 16, what is -8 + bd5d2?
bd5ca
In base 16, what is -2dcc + 2dce?
2
In base 5, what is -10 + 21413344340?
21413344330
In base 13, what is c27b + -5b2?
b999
In base 14, what is 2 + -209799b?
-2097999
In base 16, what is 4 + -a7d5fc?
-a7d5f8
In base 7, what is -55 + -2543323?
-2543411
In base 7, what is -42133531 + 14?
-42133514
In base 15, what is -5 - -1005e42?
1005e3c
In base 13, what is -283a4 + -19c?
-28573
In base 4, what is 2 - 2130230120022?
-2130230120020
In base 14, what is -8ac82 + 8?
-8ac78
In base 4, what is -12302113 - -1103?
-12301010
In base 8, what is 1137377 - -321?
1137720
In base 6, what is 103553030543 + 0?
103553030543
In base 7, what is -123165416 - -33?
-123165353
In base 15, what is 686c - -286c?
91d9
In base 3, what is 11011002 + -110212120?
-22201111
In base 14, what is -1466457 - -10?
-1466447
In base 4, what is -1300200 + -21303?
-1322103
In base 13, what is 1762a7 + -27?
176280
In base 9, what is 242 + 27677?
28030
In base 6, what is 2313 - 1045240?
-1042523
In base 15, what is d9 + 2342b?
23515
In base 10, what is 18057 - -7915?
25972
In base 3, what is 21221021 + 12120022?
111111120
In base 5, what is -110013100 + -11433?
-110030033
In base 12, what is 1834 + 1708?
3340
In base 16, what is 0 + -7b6b04?
-7b6b04
In base 8, what is 14210617 + -20?
14210577
In base 14, what is -3 - -22581c?
225819
In base 7, what is -11 - 3240045?
-3240056
In base 7, what is 623015 - 133?
622552
In base 3, what is -2001001121 + 1200?
-2000222221
In base 15, what is c + 18b50?
18b5c
In base 2, what is -1 + -101000100010101100101?
-101000100010101100110
In base 5, what is -240430420 + -324?
-240431244
In base 7, what is -32616311 - 130?
-32616441
In base 15, what is 3d31 + -2e6a?
db6
In base 4, what is 201332113 + -133330?
201132123
In base 10, what is -14026261 + -5?
-14026266
In base 16, what is 5 - -98661fd?
9866202
In base 12, what is -486040 + -33?
-486073
In base 7, what is 44404432 - -20?
44404452
In base 9, what is -371006 - 16?
-371023
In base 10, what is -470380772 + 3?
-470380769
In base 6, what is 114400240 + 30?
114400310
In base 15, what is -946cd58 + -4?
-946cd5c
In base 3, what is 111 + -110010100112?
-110010100001
In base 13, what is -1b125 - -2197?
-18c5b
In base 16, what is -48744 - 436?
-48b7a
In base 7, what is -53016 - 500?
-53516
In base 10, what is 21 + 418488?
418509
In base 10, what is -1354564 + 42?
-1354522
In base 9, what is 172013 + 14?
172027
In base 2, what is 1000100111011111100011100 + -10101?
1000100111011111100000111
In base 16, what is -742 - -f3f6?
ecb4
In base 12, what is -140 + 1478b?
1464b
In base 5, what is -12102323 + -2041?
-12104414
In base 15, what is 5ab7b + 1e?
5ab9a
In base 12, what is -2b3 + 135b8?
13305
In base 12, what is 3 + 731bb?
73202
In base 10, what is -5 + -76566631?
-76566636
In base 3, what is 12020120212002 - -1022?
12020120220101
In base 16, what is -e + 894414?
894406
In base 5, what is -211102031 + 244?
-211101232
In base 10, what is -6 + -1775114?
-1775120
In base 7, what is 13363141 - -121?
13363262
In base 5, what is -11301322204 - 11?
-11301322220
In base 7, what is -5 - 16201514?
-16201522
In base 5, what is 43 + -140204201?
-140204103
In base 8, what is -12607513 - 22?
-12607535
In base 9, what is -21405 - 14010?
-35415
In base 2, what is 10 - 10000000011101111100?
-10000000011101111010
In base 2, what is -1011111010100 - -10001010110011?
101011011111
In base 7, what is 5 + 1253061343?
1253061351
In base 13, what is -21b1c - 305?
-22124
In base 8, what is -31 - 2472445?
-2472476
In base 5, what is 11104103414440 + 2?
11104103414442
In base 9, what is -1060361 - -74?
-1060276
In base 6, what is -303323215 - -14?
-303323201
In base 14, what is 61b - -40bb8?
413d5
In base 12, what is 6997 + 132?
6b09
In base 7, what is 1122 - 5326?
-4204
In base 11, what is -412a - 1250?
-537a
In base 12, what is 2186416 + -20?
21863b6
In base 12, what is -59 - -81a62?
81a05
In base 6, what is -11354 + -1043020?
-1054414
In base 7, what is -1316333 - 233?
-1316566
In base 7, what is -5 + -363442420?
-363442425
In base 5, what is -14222 - -204201?
134424
In base 5, what is -310023 - -120212?
-134311
In base 10, what is 5 - -5356687?
5356692
In base 6, what is 530 + -115502?
-114532
In base 14, what is d0b62 + -54?
d0b0c
In base 16, what is -e - -182fc?
182ee
In base 13, what is -a - 1015520c?
-10155219
In base 10, what is -25 - -2232838?
2232813
In base 16, what is -203b - -387f?
1844
In base 3, what is -21 - 21200101020120?
-21200101020211
In base 6, what is -241 - -15021432?
15021151
In base 15, what is -19b - 1211c?
-122b8
In base 15, what is 1705 - e5a?
79a
In base 10, what is -52319914 + -8?
-52319922
In base 4, what is 110100013013 + -203?
110100012210
In base 9, what is -175302 + 5288?
-170003
In base 6, what is -2 - -54124435?
54124433
In base 16, what is 0 + -2c4eea?
-2c4eea
In base 13, what is -5 - a518bb?
-a518c3
In base 9, what is -8635043 - -14?
-8635028
In base 12, what is 3 - -24aba1?
24aba4
In base 7, what is 30 - 230144?
-230114
In base 12, what is -18 + 2259636?
225961a
In base 6, what is -103014 - -11413